/2 - 4*s. Calculate f(a).
-8
Let h(o) be the second derivative of o**6/360 - o**4/12 - o**3/2 + 10*o. Let i(b) be the second derivative of h(b). What is i(-3)?
7
Let b(x) = x**3 - 4*x**2 + 3*x - 2. Suppose 4*u + 3*a + 12 = 0, 4 = -2*u - 0*u - 2*a. Let o be (-3)/2*(-8 - u). Give b(o).
-2
Let l(k) = -347*k + 1039*k - 354*k - 347*k. Suppose 2*v + 4*p - 18 = -0*p, 5*v - 4*p + 25 = 0. What is l(v)?
9
Let k be (9 - 13)*10/(-4). Let q(u) = 91 - u**2 - k*u + 96 - 194. Calculate q(-8).
9
Let s(q) be the first derivative of -q**3/3 + 4*q**2 - 10*q - 103. Give s(7).
-3
Let l = -6 + 13. Let o = 16 - 13. Let p(r) = 3 - 4*r**2 - 4 + 7*r - 4 + o*r**2. Calculate p(l).
-5
Let d = -3 + 12. Suppose -13*i - 4 = -d*i. Let r be (i - 0)/((-3)/(-9)). Let v(o) = -o - 3. Give v(r).
0
Let h(u) = -u**3 - u**2 + u - 1. Let v(a) = 7*a**3 + 5*a**2 - 6*a + 8. Let z(g) = 6*h(g) + v(g). What is z(2)?
6
Let u(f) = f**2 + 10*f + 8. Suppose 0 = -6*i + 3*i + 3, -5*l + 4*i = -166. Suppose 4*y = -2*g - l, -5*g + 9 = -5*y + 4. What is u(y)?
-16
Suppose 3*y + 16 = 40. Let z(b) = -b**3 + 9*b**2 - 8*b + 8. Calculate z(y).
8
Let u(q) = q**2 - 4*q + 7. Let y(b) = -b**2 - 6*b. Let l be 6/24 - (-21)/(-4). Let g be y(l). Calculate u(g).
12
Suppose -3*v - 5 = 1. Let h(i) = -26*i**2 - 9*i - 13. Let u(f) = -14*f**2 - 5*f - 7. Let y(m) = -6*h(m) + 11*u(m). Give y(v).
11
Let z(a) = a**2 + 2*a + 4. Let r(d) = d**2 - 7*d. Let k be r(6). Let y be -9*((-4)/2)/(-6). Let p = k - y. Calculate z(p).
7
Let f(a) = a - 1. Let v(l) = 16*l - 6. Let c(q) = -10*f(q) + v(q). Calculate c(-3).
-14
Let y be 2/1*(-2 - 1). Let l(f) = f**2 + 8*f + 6. Let v be l(y). Let g(x) be the second derivative of x**3/6 + 7*x**2/2 + 2*x. Calculate g(v).
1
Let i(l) = -l**3 + 3*l**2 - 3*l. Let d(h) = 2*h**2 - 11*h - 46. Let y be d(-3). Suppose 4 = f - 0*s - 2*s, s = y*f - 11. What is i(f)?
-2
Let f(t) = -12 - t + 4*t**2 + 2*t**2 - 5*t**2. Suppose -4*k + 2*x - 10 = 0, 16*x = 4*k + 12*x + 12. Let b(l) = 4*l + 8. Let d be b(k). Determine f(d).
-12
Suppose -3*m + m + 6 = 0. Let f(w) = 4 + 2*w + 4*w - m*w. Let n(i) = -i**3 - 2*i - 3. Let h be n(0). What is f(h)?
-5
Let g(w) = 2*w - 11. Let a(z) = -z + 2. Let d(p) = 5*a(p) + g(p). Let u(t) = t**2 + 6*t - 6. Let q be u(-7). Suppose -4*o + 5 - q = 0. Give d(o).
-4
Let b(z) be the first derivative of -z**3/3 + 2*z**2 + 4*z + 4. Let y be b(4). Let v(i) = -3*i**2 + i**2 + 2*i + y + 3*i**2 - 8*i. Calculate v(7).
11
Let g(v) = -3*v - 5*v**3 + v - 1 + 4*v**3 - 4*v**2. Let y be (-195)/(-45)*(8 - -1). Let o = -43 + y. Calculate g(o).
7
Let p(s) = 3*s + 4. Suppose -37 - 3 = 10*z. Give p(z).
-8
Let o(j) be the second derivative of -j**3/6 + 3*j**2/2 - 18*j - 3. Determine o(9).
-6
Let b(p) = -5*p**2 - 7*p - 11. Let a(n) = -22*n**2 - 27*n - 43. Let w(j) = 2*a(j) - 9*b(j). Determine w(-10).
23
Let k(u) = -56*u**2 + 9*u + 24*u**2 + 8 + 33*u**2. Determine k(-6).
-10
Let x(c) be the first derivative of c**4/12 - 7*c**3/6 + c**2 - 6*c - 6. Let h(s) be the first derivative of x(s). Let m be 23 + -23 + (-5)/(-1). Give h(m).
-8
Let p(x) = 3*x**2 + 3*x - 4. Let k be p(-3). Let o(h) = -h**2 + 13*h + 18. Let j be o(k). Let n = 0 - j. Let g(m) = -m**3 - 4*m**2 - 2*m - 3. Give g(n).
5
Let r(o) be the second derivative of -o**8/6720 - o**7/1260 - o**6/180 - o**5/60 - 35*o**4/12 + 41*o. Let l(w) be the third derivative of r(w). Determine l(-2).
6
Let z = 7 - 3. Suppose -5*d - 29 = -z. Let x(b) = b**2 + 5*b. Let r(g) = -2*g**2 - 10*g - 1. Let i(q) = 2*r(q) + 5*x(q). Give i(d).
-2
Let z = -7 - -4. Let b(f) = -4*f**2 + f - 10. Let u(a) = -5*a**2 + a - 12. Let k(d) = -4*b(d) + 3*u(d). What is k(z)?
16
Let k be (-3)/(2*(-1)/2). Let q be (-6 + 5)/((-1)/k). Let d(y) = -y**2 - 2*y + 4. Calculate d(q).
-11
Let b(g) be the second derivative of -3*g**5/20 - g**4/3 - g**3/3 - 651*g. Give b(-2).
12
Let j(t) be the first derivative of -t**2/2 + t - 5. Let k(a) = -a + 8. Let i be (-6)/((1 + 0)/1*-2). Let s be k(i). Determine j(s).
-4
Suppose -6*x + 24 = -10*x. Let z(g) = g + 1. Let m(p) = p. Let j(r) = x*z(r) + 5*m(r). Calculate j(0).
-6
Let i(o) = 4*o**2 - 3*o + 0*o - 5*o**2 + 2*o + 10 + 8*o. Determine i(8).
2
Let v(u) be the first derivative of u**4/4 + 4*u**3 + 7*u**2 + 7*u + 235. Calculate v(-11).
-26
Suppose 220*z - 215*z = -f - 24, -2*z - 5 = 5*f. Let a(o) = 3*o**2 + 6*o - 1. Calculate a(z).
44
Let m(n) be the second derivative of n**5/20 + n**4/4 + n**3/3 + n**2/2 - 47*n. Determine m(-3).
-5
Let i(r) be the third derivative of r**6/120 - r**5/60 - 5*r**4/24 + r**3/3 - 2*r**2. Suppose 0 = 4*d - 3*z, 5*d - 24*z - 31 = -28*z. Determine i(d).
5
Let u(r) = -r**2 - 9*r - 16. Let z be u(-6). Suppose 2 = 5*p - 8. Let w(x) = -3 + z + x**3 - 5*x - 2*x**2 + 0 - p. What is w(4)?
9
Suppose -19*g - 17 = -55. Let i(j) be the first derivative of 3 + 5/3*j**3 + 5*j - 1/4*j**4 - 1/2*j**g. Give i(5).
0
Let z(k) = -k**3 - 4*k**2 - 2*k - 2. Let a = 1341 - 1345. Calculate z(a).
6
Let y(p) = 3*p**2 - 7*p - 14. Let s(b) = -b**2 + 3. Let w(z) = 4*s(z) + y(z). Calculate w(-5).
8
Let m(t) be the second derivative of -t**4/12 - 2*t**3/3 + t**2 + 52*t - 1. Give m(4).
-30
Let f(i) be the second derivative of -2*i**2 + 0 + 0*i**4 + 1/20*i**5 + 8*i + 0*i**3. Calculate f(0).
-4
Let c(y) be the second derivative of y**5/20 + y**3/6 + 3*y**2 - 445*y. Determine c(0).
6
Let l(n) = -n + 2. Let p(h) be the first derivative of h**2/2 + 6*h - 3. Let s be p(-4). Suppose -2*a = s*y + 3*y + 15, -4*y + 4*a = 40. Calculate l(y).
7
Let a(n) = n**3 - 7*n**2 + 7*n - 1. Let t be a(6). Let y(g) = -g**2 + 2*g + 4. Let p be y(0). Let c(v) = -v - p + 28 - 8 - 12. Calculate c(t).
-1
Let f be 16/9 + (-2)/(-9). Let y(m) = -8*m + 6*m + 3*m + m**f. Give y(1).
2
Suppose 3*y = 7*y + 24. Let a(k) be the first derivative of -k**4/12 - 4*k**3/3 + 3*k**2 + 17. Let g(x) be the second derivative of a(x). Give g(y).
4
Suppose 4*f + 20 = 4*k, 3*k = -0*k - f + 3. Suppose u + 2*g + 1 = 0, -k*g = 5*u + g - 2. Let s(r) = -14*r**2 - r + 1. Calculate s(u).
-14
Let s(y) be the third derivative of -y**4/24 - 5*y**2. Let c = 474 + -468. Calculate s(c).
-6
Let t(k) = k - 10. Suppose -q - 34 = -22. Give t(q).
-22
Let a = -44 + 29. Let j(n) = 2*n + 37. Let g be j(a). Let t(q) = -q**3 + 7*q**2 + 2. What is t(g)?
2
Let i(q) = -15*q - 51. Let p be i(-14). Let w(k) = k**2 - 3 - 2*k**2 + p*k**3 - 158*k**3. Calculate w(0).
-3
Let n(d) be the first derivative of d**5/60 - 16*d**3/3 + 19. Let s(a) be the third derivative of n(a). Calculate s(-1).
-2
Let n(i) = -3*i + 2. Suppose -4*c + 7 = 2*g - 1, 15 = 2*g - 3*c. Suppose 0 = u - g + 2. Suppose -23 = -u*t - q, -4*t - q = -t - 17. Calculate n(t).
-16
Suppose 2*k + 2 = -2*p, 6 = -2*p - 15*k + 12*k. Let w(f) be the first derivative of 2/3*f**p - 1/4*f**4 - f + 0*f**2 + 2. What is w(2)?
-1
Let r(l) = l**2 - 13*l - 36. Let v be r(15). Let n be 9 + v/(-2)*3/(-9). Let f(o) = -o + 2. Determine f(n).
-6
Let d(x) = -2*x**2 - 2*x - 1. Let u = 6 + -8. Let t(w) = 8*w - 2. Let a be t(u). Let m = 17 + a. What is d(m)?
-1
Let n(y) = -4*y**3 - 11*y**2 + 5*y + 9. Let p = 6 - -80. Let u be 18/(-81) - p/18. Let v(j) = j**3 + j**2 - 1. Let i(g) = u*v(g) - n(g). Give i(5).
-4
Let x(d) = 4*d - 21. Let u be x(4). Let k(l) be the third derivative of l**4/24 - l**3/2 - 3*l**2. Give k(u).
-8
Let m(a) be the second derivative of -a**5/10 + 2*a**4/3 + 3*a**2/2 + 498*a. Determine m(4).
3
Suppose 2*h = -2*h. Suppose 5*k + h*v = v - 18, -12 = k - 3*v. Let p(n) be the second derivative of n**5/20 + n**4/4 - n**2 + 4*n. Calculate p(k).
-2
Let f = -1252 + 1247. Suppose -v = 4*q - 17, 3*q + v - 5*v + 11 = 0. Let u(h) = 6 - q*h + h - 2*h - h**2. Calculate u(f).
1
Let d(z) be the third derivative of -z**8/6720 + z**7/2520 + z**6/720 + z**5/120 + z**4/3 - 2*z**2. Let n(b) be the second derivative of d(b). What is n(-1)?
2
Let y(u) = u**2 - 7*u - 4. Let w(o) = o**2 - 7*o - 4. Let l(f) = -4*w(f) + 3*y(f). Suppose 60*q - 72 = 48*q. What is l(q)?
10
Let k be (-17 - 1)*6/(-9). Suppose 2*i + 2*i - k = 0. Let m(h) = 0*h**3 + h + 11 + i*h - 3*h + h**2 - h**3. Calculate m(0).
11
Suppose 0 = -4*h - h + 10. Let j(r) = -r**2 + 2*r**h - 2 + 1 - 5. Suppose 7*p = 3*p. What is j(p)?
-6
Let r(m) = -m**2 + m + 4. Let o = -22 - -2. Let d = o - -15. Let a(l) = l**2 - l - 5. Let c(w) = d*a(w) - 6*r(w). What is c(0)?